 common factor of 1626 and 6432.
6
Calculate the highest common factor of 1846 and 8320.
26
Calculate the highest common factor of 17377036 and 1436.
1436
What is the greatest common factor of 1747 and 217?
1
What is the greatest common divisor of 6882 and 333870?
186
What is the greatest common factor of 205 and 114355?
5
Calculate the greatest common factor of 1133 and 385.
11
Calculate the greatest common factor of 2904130 and 1175.
235
What is the highest common factor of 5658 and 5002?
82
Calculate the greatest common factor of 15353 and 289345.
1181
Calculate the highest common divisor of 256 and 499056.
16
Calculate the highest common divisor of 20305 and 10480.
655
What is the greatest common divisor of 11082576 and 1492?
1492
What is the highest common factor of 6021113 and 21?
7
What is the highest common factor of 1078896 and 182?
182
Calculate the highest common divisor of 38 and 171285.
19
Calculate the greatest common divisor of 326173 and 19.
19
What is the highest common divisor of 2613 and 178287?
201
What is the greatest common divisor of 119856 and 528?
528
What is the highest common divisor of 516512 and 64?
32
Calculate the highest common divisor of 610 and 9860.
10
What is the highest common divisor of 496 and 304?
16
Calculate the greatest common divisor of 2576 and 823676.
644
What is the greatest common divisor of 400 and 180500?
100
Calculate the highest common divisor of 1054047 and 219.
219
What is the greatest common factor of 12782 and 22?
22
What is the greatest common factor of 146 and 92272?
146
What is the greatest common factor of 100 and 641050?
50
What is the greatest common divisor of 69564 and 714?
102
What is the highest common divisor of 40912 and 16?
16
What is the highest common factor of 244416 and 192?
192
Calculate the highest common factor of 369 and 1328154.
123
Calculate the highest common factor of 94707 and 7191.
153
Calculate the highest common divisor of 16728 and 2337.
123
What is the greatest common factor of 3339 and 315?
63
What is the greatest common divisor of 264966 and 1326?
78
Calculate the greatest common divisor of 1 and 2874588.
1
What is the highest common factor of 196 and 65366?
98
Calculate the greatest common divisor of 87994 and 32.
2
What is the highest common factor of 44604 and 876?
12
Calculate the greatest common divisor of 29460 and 390.
30
What is the highest common factor of 76553 and 37?
37
Calculate the highest common factor of 227 and 141194.
227
Calculate the highest common divisor of 8200 and 4.
4
Calculate the greatest common divisor of 34970 and 20.
10
What is the highest common divisor of 4117 and 7339?
179
Calculate the highest common factor of 119425 and 475.
25
What is the highest common divisor of 369 and 943?
41
What is the greatest common divisor of 27586 and 78?
26
What is the greatest common factor of 1736 and 651?
217
What is the greatest common divisor of 8892 and 206986?
494
Calculate the greatest common divisor of 1648643 and 34.
17
Calculate the greatest common factor of 560 and 6965.
35
What is the highest common factor of 2492 and 27323?
89
What is the greatest common factor of 29610 and 2700?
90
What is the highest common divisor of 9120 and 1560?
120
Calculate the greatest common divisor of 46 and 529874.
46
Calculate the highest common factor of 4750 and 194085.
95
What is the highest common factor of 4957 and 29?
1
What is the greatest common divisor of 2424 and 184?
8
Calculate the highest common factor of 1504278 and 12816.
1602
Calculate the greatest common divisor of 165242 and 812.
406
What is the highest common factor of 410 and 474124?
82
What is the highest common factor of 12331 and 646?
19
What is the greatest common factor of 18832 and 528?
176
Calculate the greatest common factor of 290 and 325.
5
What is the highest common divisor of 119 and 63?
7
What is the highest common divisor of 61121 and 1?
1
What is the highest common factor of 183522 and 876?
438
Calculate the greatest common divisor of 14136 and 323.
19
What is the highest common divisor of 3 and 18984?
3
What is the highest common divisor of 161 and 35512?
23
What is the highest common divisor of 613180 and 372?
124
Calculate the highest common divisor of 971202 and 27318.
942
What is the greatest common divisor of 507 and 1157?
13
What is the greatest common factor of 6099 and 116736?
57
What is the greatest common factor of 379406 and 34?
34
Calculate the greatest common factor of 75900 and 10.
10
Calculate the highest common factor of 1772 and 1.
1
Calculate the highest common factor of 918936 and 54.
18
What is the highest common divisor of 19750 and 8000?
250
What is the highest common divisor of 100858 and 4642?
422
What is the highest common factor of 2884 and 52?
4
What is the greatest common divisor of 4344435 and 1020?
255
Calculate the greatest common factor of 6066 and 738.
18
Calculate the greatest common factor of 141 and 329799.
141
What is the greatest common factor of 54929 and 716968?
2891
Calculate the highest common divisor of 10360 and 91.
7
What is the greatest common divisor of 3790 and 20?
10
What is the highest common divisor of 18850 and 3200?
50
Calculate the highest common factor of 1104 and 4092.
12
Calculate the highest common divisor of 55930 and 35.
35
What is the greatest common factor of 431304 and 12?
12
What is the highest common factor of 1057 and 259?
7
Calculate the highest common divisor of 2227614 and 834.
834
What is the greatest common factor of 1044 and 1179?
9
Calculate the greatest common factor of 190 and 905635.
95
Calculate the greatest common factor of 2233043 and 67.
67
What is the greatest common factor of 240 and 9555?
15
What is the greatest common factor of 20 and 20380?
20
Calculate the highest common factor of 1590 and 67310.
530
What is the highest common divisor of 65 and 49270?
65
Calculate the greatest common factor of 75693 and 184.
23
What is the highest common factor of 14289663 and 58?
29
What is the greatest common factor of 154 and 492261?
77
Calculate the highest common factor of 124 and 632524.
124
Calculate the greatest common divisor of 104370 and 13632.
426
What is the highest common factor of 100 and 72000?
100
What is the highest common factor of 1946840 and 1904?
952
Calculate the greatest common factor of 257499 and 3663.
99
What is the highest common factor of 694 and 2139255?
347
Calculate the greatest common divisor of 484 and 35068.
44
Calculate the greatest common divisor of 3140 and 5.
5
Calculate the greatest common divisor of 32320 and 2560.
320
Calculate the greatest common factor of 16 and 20904.
8
Calculate the highest common factor of 118570 and 2840.
710
Calculate the greatest common factor of 1370365 and 915.
305
What is the greatest common factor of 665426 and 282?
94
Calculate the highest common divisor of 969 and 540549.
51
Calculate the greatest common divisor of 228 and 1118853.
57
Calculate the greatest common factor of 3420 and 11020.
380
What is the highest common factor of 50 and 183525?
25
Calculate the highest common divisor of 333 and 382167.
9
Calculate the highest common factor of 106 and 49343.
53
What is the greatest common divisor of 1778 and 10?
2
What is the highest common factor of 3374 and 8194?
482
What is the greatest common divisor of 9834 and 528?
66
What is the greatest common factor of 54 and 1737747?
27
What is the highest common factor of 1111663 and 2744?
343
Calculate the greatest common factor of 13 and 26143.
13
What is the greatest common factor of 110 and 183205?
55
What is the highest common factor of 268 and 25326?
134
What is the greatest common divisor of 150 and 524850?
150
What is the highest common factor of 543304 and 601?
601
Calculate the greatest common factor of 1726888 and 584.
584
What is the greatest common factor of 979 and 19558?
11
Calculate the highest common divisor of 18925 and 12869.
757
What is the greatest common factor of 74230 and 90?
10
Calculate the highest common factor of 3339 and 23877.
63
Calculate the greatest common divisor of 417228 and 56.
28
What is the greatest common factor of 20519 and 497?
71
What is the greatest common divisor of 49486 and 3052?
218
What is the greatest common factor of 14 and 757